(o) = -o**2 - 25*o - 48. Calculate f(-2).
-2
Let r(n) = 3*n - 58. Calculate r(10).
-28
Let a(h) = h**2 + 33*h - 7. What is a(-33)?
-7
Let g(a) = a - 4. Calculate g(-18).
-22
Let b(l) = 2*l**3 + 9*l**2 + 5. Calculate b(0).
5
Let u(k) = -k**3 + k**2 - 8*k - 8. Determine u(0).
-8
Let d(l) = -14*l + 9. Determine d(2).
-19
Let w(k) = -17*k + 1017. Determine w(60).
-3
Let c(v) = -3*v + 27. Give c(11).
-6
Let v(q) = q - 10. Give v(10).
0
Let w(q) = q**3 + 5*q**2 - 4*q + 6. What is w(-6)?
-6
Let v(q) = -q - 9. Give v(-10).
1
Let z(r) = r**2 - 14*r + 31. What is z(11)?
-2
Let v(j) = -j**2 - 6*j + 12. Calculate v(-8).
-4
Let v(d) = -3*d**2 + 16*d + 13. Determine v(7).
-22
Let h(p) = -p**3 + 20*p**2 + 19*p + 56. Give h(21).
14
Let p(n) = -2*n**2 + 6*n - 1. Calculate p(4).
-9
Let w(j) = -5*j - 7. Give w(1).
-12
Let f(n) = -4*n - 6. What is f(5)?
-26
Let v(i) = -i**3 + 10*i**2 - i + 1. Calculate v(10).
-9
Let b(r) = -34*r - 1. Give b(1).
-35
Let g(h) = 5*h + 5. Determine g(-3).
-10
Let u(b) = -3*b**2 - 21*b - 4. What is u(-6)?
14
Let l(v) = 3*v + 11. What is l(0)?
11
Let a(y) = -7*y**2 - 2*y + 1. Determine a(1).
-8
Let r(l) = -l**2 - 10*l - 5. What is r(-9)?
4
Let z(x) = -x**2 + 6*x + 4. What is z(4)?
12
Let a(q) = -3*q + 3. Calculate a(-3).
12
Let v(s) = -s**2 - s - 4. What is v(0)?
-4
Let f(n) = 20*n + 1. What is f(2)?
41
Let p(c) = -4*c**2 - 79*c - 15. Determine p(-20).
-35
Let n(k) = 5*k + 1. Give n(-1).
-4
Let i(y) = -11*y + 32. Give i(3).
-1
Let l(j) = 5*j + 9. What is l(-6)?
-21
Let q(m) = m**2 - 3*m + 4. What is q(4)?
8
Let b(u) = 11*u - 33. Determine b(3).
0
Let q(x) = 2*x**2 - 6*x - 18. Determine q(6).
18
Let v(x) = -15*x - 5. What is v(0)?
-5
Let b(k) = k**2 + 16*k - 37. What is b(-18)?
-1
Let s(c) = -c**3 - 12*c**2 + 13*c - 10. Determine s(-13).
-10
Let w(p) = 141*p + 142. Give w(-1).
1
Let i(v) = -13*v - 653. Determine i(-50).
-3
Let a(u) = 4*u - 70. Give a(12).
-22
Let y(c) = -c**3 + 17*c**2 + 18*c. Calculate y(18).
0
Let j(v) = -v**2 - 7*v + 3. Calculate j(-7).
3
Let o(z) = z**3 + z**2 - 4. What is o(0)?
-4
Let c(l) = 2*l**3 - 31*l**2 - 19*l + 38. Determine c(16).
-10
Let q(x) = -2*x**2 - 2*x - 1. Give q(-2).
-5
Let d(c) = -2*c**2 + 5*c + 1. What is d(3)?
-2
Let x(v) = -2*v**2 - 2*v - 1. Give x(-1).
-1
Let r(m) = -2*m**2 - 5*m + 3. Calculate r(6).
-99
Let d(o) = -o**3 + 6*o**2 - 7*o + 4. Give d(6).
-38
Let s(f) = 2*f**2 - 21*f - 3. What is s(10)?
-13
Let w(f) = -38*f + 13. Determine w(-5).
203
Let l(m) = -7*m - 96. Calculate l(-13).
-5
Let a(v) = -4*v**2 - v - 2. What is a(-2)?
-16
Let u(r) = 12*r - 5. Determine u(2).
19
Let h(n) = 2*n**2 + 17*n + 35. Determine h(-2).
9
Let k(i) = 3*i + 5. What is k(-6)?
-13
Let u(w) = -w**2 + 38*w - 78. What is u(2)?
-6
Let d(a) = -73*a**3 + 2*a**2 - 3*a + 1. Give d(1).
-73
Let o(u) = -u**2 - 8*u - 4. What is o(-3)?
11
Let r(n) = 48*n - 204. Give r(4).
-12
Let r(p) = p**3 + 27*p**2 - 25*p + 81. What is r(-28)?
-3
Let g(p) = -p**3 + 8*p + 2. What is g(-3)?
5
Let g(r) = 6*r + 5. Give g(-5).
-25
Let o(b) = b**3 - 20*b**2 - 19*b - 43. Give o(21).
-1
Let n(h) = 5*h**2 - 26*h - 1. Determine n(8).
111
Let p(b) = 7*b**3 + b**2 - 2*b + 1. Determine p(-2).
-47
Let q(j) = -3*j + 6. What is q(5)?
-9
Let x(o) = o + 9. Determine x(-9).
0
Let n(w) = 6*w - 5. Determine n(-5).
-35
Let q(d) = -15*d**2 + 100*d - 7. Give q(7).
-42
Let t(m) = -8*m + 44. Calculate t(8).
-20
Let p(t) = -22*t + 9. Give p(2).
-35
Let z(h) = 3*h - 80. Calculate z(28).
4
Let s(k) = -2*k + 22. Calculate s(11).
0
Let b(i) = -8*i + 10. What is b(4)?
-22
Let g(t) = 2*t**2 - 26*t + 79. Calculate g(8).
-1
Let k(s) = s**3 + 5*s**2 - 6*s - 2. Determine k(-5).
28
Let i(m) = 4*m - 3. Determine i(2).
5
Let h(j) = 10*j + 245. What is h(-31)?
-65
Let t(v) = -3*v**3 - 2*v**2 + v + 3. Give t(-2).
17
Let p(x) = 21*x - 64. What is p(5)?
41
Let g(p) = p**2 - 35*p + 5. What is g(35)?
5
Let o(n) = n + 10. Give o(-12).
-2
Let p(b) = 45*b + 16. What is p(-3)?
-119
Let x(l) = -l**3 - 3*l**2 + 4. Calculate x(-3).
4
Let z(d) = 5*d + 16. Give z(-5).
-9
Let x(w) = 5*w - 3. What is x(6)?
27
Let u(b) = 11*b**2 - 4*b - 7. Give u(-2).
45
Let u(p) = p**3 - 5*p**2 + 3*p + 4. What is u(6)?
58
Let g(z) = 20*z - 303. Calculate g(15).
-3
Let t(p) = -2*p + 32. What is t(22)?
-12
Let w(t) = -t**3 - 11*t**2 - 13*t - 23. Determine w(-10).
7
Let q(w) = -w**2 - 16*w + 34. Give q(-18).
-2
Let j(m) = m**2 + 3*m + 9. Calculate j(-6).
27
Let n(r) = 12*r - 112. Determine n(9).
-4
Let l(o) = o**3 + 11*o**2 + 32*o + 15. Determine l(-6).
3
Let s(j) = -3*j**2 - 5*j - 6. Determine s(-3).
-18
Let t(u) = -u**3 + 6*u**2 - 2*u - 2. Determine t(6).
-14
Let m(o) = 59*o**2 - o - 1. Calculate m(-1).
59
Let x(d) = -d**2 + 8*d - 8. Give x(8).
-8
Let g(q) = q**3 + 8*q**2 + 2*q - 8. Calculate g(-8).
-24
Let d(m) = -4*m - 34. Give d(-10).
6
Let k(v) = -3*v**2 - v + 3. Give k(4).
-49
Let j(c) = 27*c + 1. Give j(1).
28
Let a(j) = -j**3 - 4*j**2 - 5*j - 11. Give a(-4).
9
Let j(w) = 3*w - 6. Calculate j(-2).
-12
Let l(h) = 3*h**3 - 15*h**2 + h - 1. Calculate l(5).
4
Let r(m) = -m**3 - 11*m**2 + 9. Determine r(-11).
9
Let c(y) = 7*y**2 + 2*y - 2. What is c(2)?
30
Let m(w) = -10*w + 18. Give m(8).
-62
Let t(q) = -q**2 + 1. What is t(6)?
-35
Let z(o) = o + 11. Determine z(-5).
6
Let w(k) = -k**2 + 21*k + 2. Calculate w(23).
-44
Let j(k) = 10*k - 111. Give j(6).
-51
Let i(o) = -2*o**3 + 3*o**2 - 3*o + 1. Give i(2).
-9
Let h(z) = -z + 1. What is h(1)?
0
Let c(t) = t**2 + 8*t - 6. What is c(-9)?
3
Let y(b) = -b**3 - 5*b**2 + 15*b + 4. What is y(-8)?
76
Let t(g) = 68*g + 258. What is t(-4)?
-14
Let w(g) = 6*g - 16. Determine w(7).
26
Let v(f) = f**3 - 5*f**2 - 4*f - 2. What is v(6)?
10
Let f(p) = 7*p**3 + 8*p**2 + 4*p - 3. Determine f(-1).
-6
Let d(f) = -53*f - 40. Calculate d(-2).
66
Let l(v) = v**3 + 4*v**2 - 5*v. Calculate l(-5).
0
Let h(p) = -p**2 - 42*p - 437. Determine h(-19).
0
Let b(g) = 4*g + 8. Give b(4).
24
Let x(v) = v**2 - 10*v - 7. Give x(9).
-16
Let y(q) = -2*q - 16. Give y(-10).
4
Let y(k) = -2*k + 9. Determine y(8).
-7
Let r(v) = -v**2 - 10*v - 1. Calculate r(-10).
-1
Let h(n) = -49*n + 10. Determine h(1).
-39
Let d(v) = 5*v - 161. Calculate d(30).
-11
Let r(n) = n - 5. What is r(-3)?
-8
Let a(h) = 2*h + 96. Calculate a(-27).
42
Let x(v) = 3*v - 93. Determine x(32).
3
Let n(p) = -13*p - 14. Determine n(9).
-131
Let q(z) = -18*z**2 + 1. What is q(1)?
-17
Let k(j) = -j**2 - 32*j + 29. Determine k(-33).
-4
Let b(s) = -49*s**3 + s**2 + s - 1. Determine b(-1).
48
Let u(j) = -j**2 - 8*j - 18. Calculate u(-4).
-2
Let z(w) = 8*w - 1. Determine z(2).
15
Let m(x) = x**3 - 4*x**2 + 3*x + 5. Determine m(3).
5
Let s(m) = 27*m + 132. Determine s(-5).
-3
Let y(n) = n**3 + 21*n**2 + 18*n - 59. Give y(-20).
-19
Let l(g) = -11*g + 4. Determine l(4).
-40
Let q(h) = -h**3 - 4*h - 15. Calculate q(0).
-15
Let k(p) = -p + 57. Give k(19).
38
Let f(q) = 375*q - 1507. Give f(4).
-7
Let t(x) = -x**2 + 6*x + 12. What is t(6)?
12
Let z(i) = -3*i + 3. Determine z(-6).
21
Let l(w) = -w**3 - w**2 + w + 5. Determine l(4).
-71
Let n(h) = -h**2 - h - 11. Determine n(-6).
-41
Let n(o) = o**2 - 20*o + 87. Determine n(14).
3
Let k(y) = -2*y - 6. What is k(-3)?
0
Let l(o) = o**2 - 13*o + 3. Calculate l(13).
3
Let t(i) = -i**3 + 19*i**2 + 18*i - 25. What is t(20)?
-65
Let i(p) = -p**2 + 25*p - 25. Determine i(23).
21
Let c(r) = r**3 - 10*r**2 + 12*r - 32. Give c(6).
-104
Let m(o) = -54*o - 493. Determine m(-9).
-7
Let k(i) = -i**2 + 18*i - 13. Determine k(17).
4
Let f(s) = -5*s - 15. What is f(-5)?
10
Let r(h) = h. Calculate r(2).
2
Let z(v) = -v**2 - 11*v - 3. What is z(-11)?
-3
Let w(l) = -8*l - 137. What is w(-14)?
-25
Let z(u) = u**3 - 60*u**2 - 64*u + 180. Give z(61).
-3
Let s(f) = 11*f - 18. Calculate s(1).
-7
Let g(o) = 11*o**3 + 2*o**2 - 4*o - 1. What is g(2)?
87
Let f(r) = -3*r**3 + 2*r**2 - 6*r + 4. Calculate f(1).
-3
Let b(v) = v**3 + 12*v**2 + v - 3. Calculate b(-12).
-15
Let f(u) = -u**3 - 4*u + 9. What is f(-5)?
154
Let q(z) = z**2 + 5*z + 6. Determine q(-6).
12
Let g(k) = k**3 + 8*k**2 - 8*k - 16. What is g(-7)?
89
Let o(k) = -4*k**2 - 10*k + 44. Determine o(-5).
-6
Let o(r) = r**3 - 3*r**2 + 4*r - 13. What is o(3)?
-1
Let c(w) = -w**2 + 4. Calculate c(0).
4
Let j(t) = -t**2 - 9*t - 4. Give j(-6).
14
Let n(a) = a**2 - 5*a + 1. D